{"id":14587,"date":"2022-10-13T18:17:41","date_gmt":"2022-10-13T16:17:41","guid":{"rendered":"http:\/\/mdks.home.pl\/autoinstalator\/wordpress1\/?page_id=14587"},"modified":"2025-10-05T17:18:33","modified_gmt":"2025-10-05T15:18:33","slug":"malarstwo-sztalugowe","status":"publish","type":"page","link":"https:\/\/mdks.home.pl\/autoinstalator\/wordpress1\/kola\/malarstwo-sztalugowe\/","title":{"rendered":"Malarstwo sztalugowe"},"content":{"rendered":"\t\t<div data-elementor-type=\"wp-page\" data-elementor-id=\"14587\" class=\"elementor elementor-14587\">\n\t\t\t\t\t\t<section class=\"elementor-section elementor-top-section elementor-element elementor-element-5f079dde elementor-section-boxed elementor-section-height-default elementor-section-height-default\" data-id=\"5f079dde\" data-element_type=\"section\">\n\t\t\t\t\t\t<div class=\"elementor-container elementor-column-gap-default\">\n\t\t\t\t\t<div class=\"elementor-column elementor-col-100 elementor-top-column elementor-element elementor-element-a4d8699\" data-id=\"a4d8699\" data-element_type=\"column\">\n\t\t\t<div class=\"elementor-widget-wrap elementor-element-populated\">\n\t\t\t\t\t\t<div class=\"elementor-element elementor-element-4203ce42 elementor-widget elementor-widget-ekit-nav-menu\" data-id=\"4203ce42\" data-element_type=\"widget\" data-widget_type=\"ekit-nav-menu.default\">\n\t\t\t\t<div class=\"elementor-widget-container\">\n\t\t\t\t\t\t\t<nav class=\"ekit-wid-con ekit_menu_responsive_tablet\" \n\t\t\tdata-hamburger-icon=\"\" \n\t\t\tdata-hamburger-icon-type=\"icon\" \n\t\t\tdata-responsive-breakpoint=\"1024\">\n\t\t\t            <button class=\"elementskit-menu-hamburger elementskit-menu-toggler\"  type=\"button\" aria-label=\"hamburger-icon\">\n                                    <span class=\"elementskit-menu-hamburger-icon\"><\/span><span class=\"elementskit-menu-hamburger-icon\"><\/span><span class=\"elementskit-menu-hamburger-icon\"><\/span>\n                            <\/button>\n            <div id=\"ekit-megamenu-main-menu\" class=\"elementskit-menu-container elementskit-menu-offcanvas-elements elementskit-navbar-nav-default ekit-nav-menu-one-page- ekit-nav-dropdown-hover\"><ul id=\"menu-main-menu\" class=\"elementskit-navbar-nav elementskit-menu-po-right submenu-click-on-icon\"><li id=\"menu-item-18146\" class=\"menu-item menu-item-type-post_type menu-item-object-page menu-item-18146 nav-item elementskit-mobile-builder-content\" data-vertical-menu=750px><a href=\"https:\/\/mdks.home.pl\/autoinstalator\/wordpress1\/harmonogram-zajec\/\" class=\"ekit-menu-nav-link menu-link\">Harmonogram zaj\u0119\u0107<\/a><\/li>\n<li id=\"menu-item-18088\" class=\"menu-item menu-item-type-post_type menu-item-object-page menu-item-18088 nav-item elementskit-mobile-builder-content\" data-vertical-menu=750px><a href=\"https:\/\/mdks.home.pl\/autoinstalator\/wordpress1\/zajecia-odwolane\/\" class=\"ekit-menu-nav-link menu-link\">Zaj\u0119cia odwo\u0142ane<\/a><\/li>\n<li id=\"menu-item-15451\" class=\"menu-item menu-item-type-post_type menu-item-object-page menu-item-15451 nav-item elementskit-mobile-builder-content\" data-vertical-menu=750px><a href=\"https:\/\/mdks.home.pl\/autoinstalator\/wordpress1\/posty\/\" class=\"ekit-menu-nav-link menu-link\">Aktualno\u015bci<\/a><\/li>\n<li id=\"menu-item-13828\" class=\"menu-item menu-item-type-post_type menu-item-object-page menu-item-home menu-item-13828 nav-item elementskit-mobile-builder-content\" data-vertical-menu=750px><a href=\"https:\/\/mdks.home.pl\/autoinstalator\/wordpress1\/\" class=\"ekit-menu-nav-link menu-link\">Pracownie<\/a><\/li>\n<li id=\"menu-item-15856\" class=\"menu-item menu-item-type-post_type menu-item-object-page menu-item-15856 nav-item elementskit-mobile-builder-content\" data-vertical-menu=750px><a href=\"https:\/\/mdks.home.pl\/autoinstalator\/wordpress1\/filmy\/\" class=\"ekit-menu-nav-link menu-link\">Filmy<\/a><\/li>\n<li id=\"menu-item-17141\" class=\"menu-item menu-item-type-post_type menu-item-object-post menu-item-17141 nav-item elementskit-mobile-builder-content\" data-vertical-menu=750px><a href=\"https:\/\/mdks.home.pl\/autoinstalator\/wordpress1\/rekrutacja-na-zajecia-w-mdk\/\" class=\"ekit-menu-nav-link menu-link\">REKRUTACJA 2026\/2027<\/a><\/li>\n<li id=\"menu-item-16490\" class=\"menu-item menu-item-type-post_type menu-item-object-page menu-item-16490 nav-item elementskit-mobile-builder-content\" data-vertical-menu=750px><a href=\"https:\/\/mdks.home.pl\/autoinstalator\/wordpress1\/zachowac-pamiec\/\" class=\"ekit-menu-nav-link menu-link\">Zachowa\u0107 Pami\u0119\u0107<\/a><\/li>\n<li id=\"menu-item-13482\" class=\"menu-item menu-item-type-post_type menu-item-object-page menu-item-13482 nav-item elementskit-mobile-builder-content\" data-vertical-menu=750px><a href=\"https:\/\/mdks.home.pl\/autoinstalator\/wordpress1\/historia\/\" class=\"ekit-menu-nav-link menu-link\">Historia<\/a><\/li>\n<li id=\"menu-item-15007\" class=\"menu-item menu-item-type-post_type menu-item-object-page menu-item-15007 nav-item elementskit-mobile-builder-content\" data-vertical-menu=750px><a href=\"https:\/\/mdks.home.pl\/autoinstalator\/wordpress1\/tp-mdk\/\" class=\"ekit-menu-nav-link menu-link\">TP MDK<\/a><\/li>\n<li id=\"menu-item-12111\" class=\"menu-item menu-item-type-post_type menu-item-object-page menu-item-12111 nav-item elementskit-mobile-builder-content\" data-vertical-menu=750px><a href=\"https:\/\/mdks.home.pl\/autoinstalator\/wordpress1\/info-contact\/\" class=\"ekit-menu-nav-link menu-link\">Kontakt<\/a><\/li>\n<li id=\"menu-item-18458\" class=\"menu-item menu-item-type-post_type menu-item-object-post menu-item-18458 nav-item elementskit-mobile-builder-content\" data-vertical-menu=750px><a href=\"https:\/\/mdks.home.pl\/autoinstalator\/wordpress1\/23-dozwolone-do-lat-19\/\" class=\"ekit-menu-nav-link menu-link\">Dozwolone do Lat 19<\/a><\/li>\n<\/ul><div class=\"elementskit-nav-identity-panel\"><button class=\"elementskit-menu-close elementskit-menu-toggler\" type=\"button\">X<\/button><\/div><\/div>\t\t\t\n\t\t\t<div class=\"elementskit-menu-overlay elementskit-menu-offcanvas-elements elementskit-menu-toggler ekit-nav-menu--overlay\"><\/div>        <\/nav>\n\t\t\t\t\t\t<\/div>\n\t\t\t\t<\/div>\n\t\t\t\t\t<\/div>\n\t\t<\/div>\n\t\t\t\t\t<\/div>\n\t\t<\/section>\n\t\t\t\t<section class=\"elementor-section elementor-top-section elementor-element elementor-element-6dd98f7b elementor-section-height-min-height elementor-section-full_width elementor-section-height-default elementor-section-items-middle\" data-id=\"6dd98f7b\" data-element_type=\"section\" data-settings=\"{&quot;background_background&quot;:&quot;classic&quot;}\">\n\t\t\t\t\t\t\t<div class=\"elementor-background-overlay\"><\/div>\n\t\t\t\t\t\t\t<div class=\"elementor-container elementor-column-gap-default\">\n\t\t\t\t\t<div class=\"elementor-column elementor-col-100 elementor-top-column elementor-element elementor-element-1361c02\" data-id=\"1361c02\" data-element_type=\"column\">\n\t\t\t<div class=\"elementor-widget-wrap elementor-element-populated\">\n\t\t\t\t\t\t<section class=\"elementor-section elementor-inner-section elementor-element elementor-element-5dc7bd01 elementor-section-boxed elementor-section-height-default elementor-section-height-default\" data-id=\"5dc7bd01\" data-element_type=\"section\">\n\t\t\t\t\t\t<div class=\"elementor-container elementor-column-gap-default\">\n\t\t\t\t\t<div class=\"elementor-column elementor-col-50 elementor-inner-column elementor-element elementor-element-760c9c40\" data-id=\"760c9c40\" data-element_type=\"column\">\n\t\t\t<div class=\"elementor-widget-wrap elementor-element-populated\">\n\t\t\t\t\t\t<div class=\"elementor-element elementor-element-5122cbed elementor-widget elementor-widget-elementskit-heading\" data-id=\"5122cbed\" data-element_type=\"widget\" data-widget_type=\"elementskit-heading.default\">\n\t\t\t\t<div class=\"elementor-widget-container\">\n\t\t\t\t\t<div class=\"ekit-wid-con\" ><div class=\"ekit-heading elementskit-section-title-wraper text_left   ekit_heading_tablet-   ekit_heading_mobile-\"><h1 class=\"ekit-heading--title elementskit-section-title \">KO\u0141O MALARSTWA SZTALUGOWEGO<\/h1><\/div><\/div>\t\t\t\t<\/div>\n\t\t\t\t<\/div>\n\t\t\t\t\t<\/div>\n\t\t<\/div>\n\t\t\t\t<div class=\"elementor-column elementor-col-50 elementor-inner-column elementor-element elementor-element-4c4500c1\" data-id=\"4c4500c1\" data-element_type=\"column\">\n\t\t\t<div class=\"elementor-widget-wrap\">\n\t\t\t\t\t\t\t<\/div>\n\t\t<\/div>\n\t\t\t\t\t<\/div>\n\t\t<\/section>\n\t\t\t\t\t<\/div>\n\t\t<\/div>\n\t\t\t\t\t<\/div>\n\t\t<\/section>\n\t\t\t\t<section class=\"elementor-section elementor-top-section elementor-element elementor-element-44f2b5da elementor-section-boxed elementor-section-height-default elementor-section-height-default\" data-id=\"44f2b5da\" data-element_type=\"section\">\n\t\t\t\t\t\t<div class=\"elementor-container elementor-column-gap-default\">\n\t\t\t\t\t<div class=\"elementor-column elementor-col-100 elementor-top-column elementor-element elementor-element-1dbaebf1\" data-id=\"1dbaebf1\" data-element_type=\"column\">\n\t\t\t<div class=\"elementor-widget-wrap\">\n\t\t\t\t\t\t\t<\/div>\n\t\t<\/div>\n\t\t\t\t\t<\/div>\n\t\t<\/section>\n\t\t\t\t<section class=\"elementor-section elementor-top-section elementor-element elementor-element-46906dc5 elementor-section-boxed elementor-section-height-default elementor-section-height-default\" data-id=\"46906dc5\" data-element_type=\"section\">\n\t\t\t\t\t\t<div class=\"elementor-container elementor-column-gap-default\">\n\t\t\t\t\t<div class=\"elementor-column elementor-col-100 elementor-top-column elementor-element elementor-element-2044ab5b\" data-id=\"2044ab5b\" data-element_type=\"column\">\n\t\t\t<div class=\"elementor-widget-wrap elementor-element-populated\">\n\t\t\t\t\t\t<div class=\"elementor-element elementor-element-406884f3 elementor-widget elementor-widget-spacer\" data-id=\"406884f3\" data-element_type=\"widget\" data-widget_type=\"spacer.default\">\n\t\t\t\t<div class=\"elementor-widget-container\">\n\t\t\t\t\t\t\t<div class=\"elementor-spacer\">\n\t\t\t<div class=\"elementor-spacer-inner\"><\/div>\n\t\t<\/div>\n\t\t\t\t\t\t<\/div>\n\t\t\t\t<\/div>\n\t\t\t\t\t<\/div>\n\t\t<\/div>\n\t\t\t\t\t<\/div>\n\t\t<\/section>\n\t\t\t\t<section class=\"elementor-section elementor-top-section elementor-element elementor-element-715df498 elementor-section-content-top elementor-section-boxed elementor-section-height-default elementor-section-height-default\" data-id=\"715df498\" data-element_type=\"section\">\n\t\t\t\t\t\t<div class=\"elementor-container elementor-column-gap-default\">\n\t\t\t\t\t<div class=\"elementor-column elementor-col-100 elementor-top-column elementor-element elementor-element-1a47c158\" data-id=\"1a47c158\" data-element_type=\"column\">\n\t\t\t<div class=\"elementor-widget-wrap elementor-element-populated\">\n\t\t\t\t\t\t<section class=\"elementor-section elementor-inner-section elementor-element elementor-element-2ef9a5a2 elementor-section-full_width elementor-section-height-default elementor-section-height-default\" data-id=\"2ef9a5a2\" data-element_type=\"section\">\n\t\t\t\t\t\t<div class=\"elementor-container elementor-column-gap-default\">\n\t\t\t\t\t<div class=\"elementor-column elementor-col-100 elementor-inner-column elementor-element elementor-element-2f012f0f\" data-id=\"2f012f0f\" data-element_type=\"column\">\n\t\t\t<div class=\"elementor-widget-wrap elementor-element-populated\">\n\t\t\t\t\t\t<div class=\"elementor-element elementor-element-179a2b38 elementor-widget elementor-widget-elementskit-heading\" data-id=\"179a2b38\" data-element_type=\"widget\" data-widget_type=\"elementskit-heading.default\">\n\t\t\t\t<div class=\"elementor-widget-container\">\n\t\t\t\t\t<div class=\"ekit-wid-con\" ><div class=\"ekit-heading elementskit-section-title-wraper text_left   ekit_heading_tablet-   ekit_heading_mobile-\"><h2 class=\"ekit-heading--title elementskit-section-title \">KO\u0141O MALARSTWA    <span>SZTALUGOWEGO<\/span><\/span><\/h2><div class=\"ekit_heading_separetor_wraper ekit_heading_elementskit-border-divider\"><div class=\"elementskit-border-divider\"><\/div><\/div><\/div><\/div>\t\t\t\t<\/div>\n\t\t\t\t<\/div>\n\t\t\t\t<div class=\"elementor-element elementor-element-7c7e4f05 elementor-widget elementor-widget-text-editor\" data-id=\"7c7e4f05\" data-element_type=\"widget\" data-widget_type=\"text-editor.default\">\n\t\t\t\t<div class=\"elementor-widget-container\">\n\t\t\t\t\t\t\t\t\t<p class=\"font_8\"><span style=\"font-weight: 400;\">Masz 10\u00a0 lat lub wi\u0119cej? Chcesz pomalowa\u0107 sw\u00f3j \u015bwiat? Od <\/span><b>a<\/b><span style=\"font-weight: 400;\">kryli i akwareli do <\/span><b>\u017c<\/b><span style=\"font-weight: 400;\">elowych farb witra\u017cowych &#8211; techniki malarskie przestan\u0105 by\u0107 mroczn\u0105 tajemnic\u0105. Tutaj dowiesz si\u0119, jak sprawi\u0107, by p\u0119dzle ta\u0144czy\u0142y tak, jak sobie wymarzysz. Poznasz r\u00f3\u017cne sposoby na plamy\u2026oczywi\u015bcie te barwne. Nauczysz si\u0119 patrze\u0107 nie tylko przez r\u00f3\u017cowe okulary i zobaczysz, \u017ce \u015bwiat jest pi\u0119kny, niekoniecznie wy\u0142\u0105cznie\u00a0 w jasnych kolorach.\u00a0<\/span><\/p>\t\t\t\t\t\t\t\t<\/div>\n\t\t\t\t<\/div>\n\t\t\t\t\t<\/div>\n\t\t<\/div>\n\t\t\t\t\t<\/div>\n\t\t<\/section>\n\t\t\t\t\t<\/div>\n\t\t<\/div>\n\t\t\t\t\t<\/div>\n\t\t<\/section>\n\t\t\t\t<section class=\"elementor-section elementor-top-section elementor-element elementor-element-eec107a elementor-section-boxed elementor-section-height-default elementor-section-height-default\" data-id=\"eec107a\" data-element_type=\"section\">\n\t\t\t\t\t\t<div class=\"elementor-container elementor-column-gap-default\">\n\t\t\t\t\t<div class=\"elementor-column elementor-col-50 elementor-top-column elementor-element elementor-element-ca425a2\" data-id=\"ca425a2\" data-element_type=\"column\">\n\t\t\t<div class=\"elementor-widget-wrap elementor-element-populated\">\n\t\t\t\t\t\t<div class=\"elementor-element elementor-element-e85e9ee elementor-widget elementor-widget-image\" data-id=\"e85e9ee\" data-element_type=\"widget\" data-widget_type=\"image.default\">\n\t\t\t\t<div class=\"elementor-widget-container\">\n\t\t\t\t\t\t\t\t\t\t\t\t<figure class=\"wp-caption\">\n\t\t\t\t\t\t\t\t\t\t<img fetchpriority=\"high\" decoding=\"async\" width=\"202\" height=\"300\" src=\"https:\/\/mdks.home.pl\/autoinstalator\/wordpress1\/wp-content\/uploads\/2022\/10\/babicka-202x300.webp\" class=\"attachment-medium size-medium wp-image-14424\" alt=\"\" srcset=\"https:\/\/mdks.home.pl\/autoinstalator\/wordpress1\/wp-content\/uploads\/2022\/10\/babicka-202x300.webp 202w, https:\/\/mdks.home.pl\/autoinstalator\/wordpress1\/wp-content\/uploads\/2022\/10\/babicka.webp 546w\" sizes=\"(max-width: 202px) 100vw, 202px\" \/>\t\t\t\t\t\t\t\t\t\t\t<figcaption class=\"widget-image-caption wp-caption-text\"><\/figcaption>\n\t\t\t\t\t\t\t\t\t\t<\/figure>\n\t\t\t\t\t\t\t\t\t<\/div>\n\t\t\t\t<\/div>\n\t\t\t\t\t<\/div>\n\t\t<\/div>\n\t\t\t\t<div class=\"elementor-column elementor-col-50 elementor-top-column elementor-element elementor-element-566bcd42\" data-id=\"566bcd42\" data-element_type=\"column\">\n\t\t\t<div class=\"elementor-widget-wrap elementor-element-populated\">\n\t\t\t\t\t\t<div class=\"elementor-element elementor-element-5dd74d3 elementor-widget elementor-widget-elementskit-heading\" data-id=\"5dd74d3\" data-element_type=\"widget\" data-widget_type=\"elementskit-heading.default\">\n\t\t\t\t<div class=\"elementor-widget-container\">\n\t\t\t\t\t<div class=\"ekit-wid-con\" ><div class=\"ekit-heading elementskit-section-title-wraper text_left   ekit_heading_tablet-   ekit_heading_mobile-\"><span class=\"elementskit-section-subtitle  \">\n\t\t\t\t\t\tnauczycielka\n\t\t\t\t\t<\/span><h3 class=\"ekit-heading--title elementskit-section-title \">Miros\u0142awa   <span><span>Babicka-Mrzyg\u0142\u00f3d<\/span><\/span><\/h3><\/div><\/div>\t\t\t\t<\/div>\n\t\t\t\t<\/div>\n\t\t\t\t<div class=\"elementor-element elementor-element-1e72952 elementor-widget elementor-widget-text-editor\" data-id=\"1e72952\" data-element_type=\"widget\" data-widget_type=\"text-editor.default\">\n\t\t\t\t<div class=\"elementor-widget-container\">\n\t\t\t\t\t\t\t\t\t<p><span style=\"font-weight: 400;\">Ko\u0142a \u201cRYSUNEK\u201d i \u201cMALARSTWO SZTALUGOWE\u201d. Absolwentka szczeci\u0144skiego PLSP oraz\u00a0 historii sztuki na KUL,\u00a0 studia podyplomowe m.in. z zakresu oligofrenopedagogiki, a tak\u017ce plastyki z elementami arteterapii,\u00a0 nauczyciel plastyki w szkole podstawowej, gdzie prowadzi r\u00f3wnie\u017c zaj\u0119cia z plastykoterapii i grafiki komputerowej w pracowni poligraficznej.<\/span><\/p>\t\t\t\t\t\t\t\t<\/div>\n\t\t\t\t<\/div>\n\t\t\t\t\t<\/div>\n\t\t<\/div>\n\t\t\t\t\t<\/div>\n\t\t<\/section>\n\t\t\t\t<\/div>\n\t\t","protected":false},"excerpt":{"rendered":"<p>Harmonogram zaj\u0119\u0107 Zaj\u0119cia odwo\u0142ane Aktualno\u015bci Pracownie Filmy REKRUTACJA 2025\/2026 Zachowa\u0107 Pami\u0119\u0107 Historia TP MDK Kontakt Dozwolone do Lat 19 X KO\u0141O MALARSTWA SZTALUGOWEGO KO\u0141O MALARSTWA SZTALUGOWEGO Masz 10\u00a0 lat lub wi\u0119cej? Chcesz pomalowa\u0107 sw\u00f3j \u015bwiat? Od akryli i akwareli do \u017celowych farb witra\u017cowych &#8211; techniki malarskie przestan\u0105 by\u0107 mroczn\u0105 tajemnic\u0105. Tutaj dowiesz si\u0119, jak sprawi\u0107, [&hellip;]<\/p>\n","protected":false},"author":1,"featured_media":0,"parent":12309,"menu_order":0,"comment_status":"closed","ping_status":"closed","template":"elementor_canvas","meta":{"site-sidebar-layout":"no-sidebar","site-content-layout":"page-builder","ast-site-content-layout":"","site-content-style":"default","site-sidebar-style":"default","ast-global-header-display":"","ast-banner-title-visibility":"","ast-main-header-display":"","ast-hfb-above-header-display":"","ast-hfb-below-header-display":"","ast-hfb-mobile-header-display":"","site-post-title":"disabled","ast-breadcrumbs-content":"","ast-featured-img":"disabled","footer-sml-layout":"","theme-transparent-header-meta":"","adv-header-id-meta":"","stick-header-meta":"","header-above-stick-meta":"","header-main-stick-meta":"","header-below-stick-meta":"","astra-migrate-meta-layouts":"default","ast-page-background-enabled":"default","ast-page-background-meta":{"desktop":{"background-color":"var(--ast-global-color-4)","background-image":"","background-repeat":"repeat","background-position":"center center","background-size":"auto","background-attachment":"scroll","background-type":"","background-media":"","overlay-type":"","overlay-color":"","overlay-opacity":"","overlay-gradient":""},"tablet":{"background-color":"","background-image":"","background-repeat":"repeat","background-position":"center center","background-size":"auto","background-attachment":"scroll","background-type":"","background-media":"","overlay-type":"","overlay-color":"","overlay-opacity":"","overlay-gradient":""},"mobile":{"background-color":"","background-image":"","background-repeat":"repeat","background-position":"center center","background-size":"auto","background-attachment":"scroll","background-type":"","background-media":"","overlay-type":"","overlay-color":"","overlay-opacity":"","overlay-gradient":""}},"ast-content-background-meta":{"desktop":{"background-color":"var(--ast-global-color-5)","background-image":"","background-repeat":"repeat","background-position":"center center","background-size":"auto","background-attachment":"scroll","background-type":"","background-media":"","overlay-type":"","overlay-color":"","overlay-opacity":"","overlay-gradient":""},"tablet":{"background-color":"var(--ast-global-color-5)","background-image":"","background-repeat":"repeat","background-position":"center center","background-size":"auto","background-attachment":"scroll","background-type":"","background-media":"","overlay-type":"","overlay-color":"","overlay-opacity":"","overlay-gradient":""},"mobile":{"background-color":"var(--ast-global-color-5)","background-image":"","background-repeat":"repeat","background-position":"center center","background-size":"auto","background-attachment":"scroll","background-type":"","background-media":"","overlay-type":"","overlay-color":"","overlay-opacity":"","overlay-gradient":""}},"footnotes":""},"class_list":["post-14587","page","type-page","status-publish","hentry"],"_links":{"self":[{"href":"https:\/\/mdks.home.pl\/autoinstalator\/wordpress1\/wp-json\/wp\/v2\/pages\/14587","targetHints":{"allow":["GET"]}}],"collection":[{"href":"https:\/\/mdks.home.pl\/autoinstalator\/wordpress1\/wp-json\/wp\/v2\/pages"}],"about":[{"href":"https:\/\/mdks.home.pl\/autoinstalator\/wordpress1\/wp-json\/wp\/v2\/types\/page"}],"author":[{"embeddable":true,"href":"https:\/\/mdks.home.pl\/autoinstalator\/wordpress1\/wp-json\/wp\/v2\/users\/1"}],"replies":[{"embeddable":true,"href":"https:\/\/mdks.home.pl\/autoinstalator\/wordpress1\/wp-json\/wp\/v2\/comments?post=14587"}],"version-history":[{"count":22,"href":"https:\/\/mdks.home.pl\/autoinstalator\/wordpress1\/wp-json\/wp\/v2\/pages\/14587\/revisions"}],"predecessor-version":[{"id":18885,"href":"https:\/\/mdks.home.pl\/autoinstalator\/wordpress1\/wp-json\/wp\/v2\/pages\/14587\/revisions\/18885"}],"up":[{"embeddable":true,"href":"https:\/\/mdks.home.pl\/autoinstalator\/wordpress1\/wp-json\/wp\/v2\/pages\/12309"}],"wp:attachment":[{"href":"https:\/\/mdks.home.pl\/autoinstalator\/wordpress1\/wp-json\/wp\/v2\/media?parent=14587"}],"curies":[{"name":"wp","href":"https:\/\/api.w.org\/{rel}","templated":true}]}}